 s(u) = k*i(u) + 13*m(u). Determine s(n).
-1
Suppose 5*n - 8*n = 2*j - 1, -3*n = 3*j. Let b(k) = -k**2 - k + 2. Let u(z) = 3*z**2 + 3*z - 5. Let y(c) = -5*b(c) - 2*u(c). Give y(n).
-2
Let q(u) = 0 - 3 + 3*u - 2*u + 0*u. Determine q(3).
0
Let i(n) = 6 + 3*n - 2*n - 4. Suppose 13*f - 74 = 14*f. Let q = f + 77. Give i(q).
5
Let r(n) be the second derivative of n**4/6 - n**3/3 - 6*n**2 - 14*n. Let f(c) = 5*c**2 - 5*c - 23. Let l(b) = 3*f(b) - 7*r(b). Determine l(0).
15
Let t(l) = l**2 - 9*l - 5. Let i be -1*(4 + 3/(-1)). Let r(v) = -1. Let u(s) = i*t(s) - 2*r(s). Calculate u(10).
-3
Suppose -2 + 74 = -18*n. Let i(x) = 5*x + 4. Give i(n).
-16
Let v(s) = -7*s**2. Let r(q) be the third derivative of -q**4/12 + 7*q**3/6 - 8*q**2. Let t be r(3). What is v(t)?
-7
Let h = -14 - -19. Let c(t) = 5*t**2 - 2*t + 1. Let p(s) = -6*s**2 + s - 1. Let g(r) = r**2 - 4*r - 7. Let v be g(6). Let q(k) = v*c(k) + 4*p(k). What is q(h)?
-4
Let c(n) be the third derivative of n**4/12 - 17*n**3/6 - 4*n**2. Give c(14).
11
Let x = 59 - 32. Let o = x + -42. Let h be (-6)/(-4)*20/o. Let n(g) = -2*g**3 - 3*g**2 - g + 1. Calculate n(h).
7
Let t be ((-20)/6)/(2/(-543)). Let y(k) = k + 5 - 919*k**2 - 5 + t*k**2. Let v(p) = -p - 4. Let g be v(-5). What is y(g)?
-13
Let f(k) = -4*k + 41. Suppose 7*y + 4 = 9*y - 5*p, 32 = 3*y - p. Calculate f(y).
-7
Let s(t) = -2*t + 3*t + t. Let l = 1236 - 1230. Determine s(l).
12
Let g(v) = 5*v**2 + 10*v + 7. Let r(l) = 2*l**2 + 3*l + 2. Suppose 8*f - 3*f + 10 = 0. Let x(a) = f*g(a) + 7*r(a). Give x(-1).
3
Let y(p) be the third derivative of p**6/120 + p**5/15 - 3*p**3/2 - p**2. Let v(m) = -m**2 - m - 1. Suppose -7*t = t - 16. Let o(q) = t*v(q) - y(q). Give o(-5).
-8
Let z(m) = 12*m**2 - 12*m + 22*m**3 + 24*m**3 + 18 - 69*m**3 + 22*m**3. Determine z(11).
7
Let o(m) = -4 - 5 + 3 + 5. Let k(h) = h**2 + 4*h - 10. Let s(v) = k(v) - 6*o(v). Let g(a) = 6*a**3 + 2*a**2 - 1. Let r be g(-1). Calculate s(r).
1
Let v(n) = 6*n**3 - 2*n + 1. Suppose 0 = 5*l + 54 - 59. Suppose 0 = -4*c + 3*c + l. Calculate v(c).
5
Let i(l) = -7*l - 28. Let m(k) = -13*k - 52. Let y(h) = 11*i(h) - 6*m(h). Determine y(-2).
2
Let u(m) be the first derivative of m**4/4 - 7*m**3/3 + 5*m**2/2 - 8*m - 86. Suppose -f - 5*q = f + 8, 3*f - 5*q - 38 = 0. Calculate u(f).
-14
Let h be (60/(-25))/(2/5). Let g(n) = n**3 + 5*n**2 - 8*n - 9. Calculate g(h).
3
Let i = 144 + -145. Let l(w) = 11*w**2 + 1. Determine l(i).
12
Let x(m) = m**3 + 1. Let w(p) = -4*p**3 + 5*p**2 + 3*p - 7. Let b(q) = -w(q) - 3*x(q). Let l(n) = -n**3 - 3*n**2 + 10*n + 5. Let t be l(-5). What is b(t)?
-11
Let l(j) be the first derivative of -j**3/3 - 5*j**2/2 + 3*j + 1. Let f be (-4)/26 - (-550)/(-143). Determine l(f).
7
Let p(r) = 14*r - 1. Suppose 4*u + 18 = g, -g = -3*g + 3*u + 16. Suppose g*l = -1 + 3. Calculate p(l).
13
Let v(b) = -21*b**2 + 2*b - 3. Let r be v(-2). Let s = r - -93. Let m(w) = -10*w - 2. What is m(s)?
-22
Suppose -g + 2*q + q = -24, -3*g - 4*q + 20 = 0. Let h = g + -3. Let p(f) = -f + 12. What is p(h)?
3
Let z(n) = n**2 + 3*n + 1. Suppose c - 135 = -2*c. Let d be (-2 + 3)*c/9. Suppose 0 = -f + d*b - 14, 0*b = -4*f + 4*b - 24. What is z(f)?
5
Let d(w) be the first derivative of -w**4/12 - w**3/2 + 5*w**2/2 - 3*w + 4. Let h(v) be the first derivative of d(v). Calculate h(-4).
1
Let m(j) be the third derivative of -j**9/60480 + j**8/3360 - j**6/360 + 7*j**5/20 + 9*j**2. Let v(c) be the third derivative of m(c). Determine v(6).
-2
Let l(q) = -q**2 + 3. Suppose 4*g - 2*p + 26 = 0, 5*g + 2*p + 10 = -0*g. Let m = 1133 - 1131. Let w be g/2*(0 + m). Calculate l(w).
-13
Let u(k) = -2*k**2 + 26 + 28 - 102 + 26 - 4*k + 27. Let g be ((0 - -2) + 2)/(-1). Give u(g).
-11
Suppose -8*o + 24 = -0*o. Let v(a) = -a**2 + a + 7. Calculate v(o).
1
Let l(r) be the second derivative of r**4/12 - 5*r**3/6 - 3*r**2 + 2*r - 9. Determine l(6).
0
Suppose c = -5*v + 78, c = -5*v - c + 76. Suppose -2*j - 3*j + 21 = 2*p, 2*j - v = 3*p. Let r(h) = 6*h + 2. Determine r(p).
-10
Let i be (-60)/105 - 36/(-14). Suppose -11 - 9 = -i*v. Let q(b) = b**3 - 11*b**2 + 11*b - 14. Calculate q(v).
-4
Let z(r) = r**3 - r**2 - 1. Let w(n) = n**3 + 3*n. Let y(a) = w(a) + z(a). What is y(2)?
17
Let k(f) = 4*f + 10. Let m be k(-2). Let r(t) = 165*t**3 - 2*t - 4 - 166*t**3 - 5*t**m + t - t. Determine r(-5).
6
Let q(v) = 0*v - v + 90 - 269 + 86 + 87. Give q(-2).
-4
Suppose -362*r + 15 = -357*r. Let d(g) be the second derivative of g**5/20 - g**4/3 + 2*g**3/3 - 3*g**2/2 - 2*g. What is d(r)?
0
Let l be 256/(-44) - 6/33. Let w = l - -4. Let u be w + 1 + 0 + -6. Let z(c) = -c**2 - 8*c - 4. Determine z(u).
3
Let m(v) = 7*v**2 - v + 1. Let u be (1 - -1)*(-1)/(-2). Let p be (u*(-1 + 2))/1. Give m(p).
7
Let p = 11 + -16. Let x(c) be the third derivative of 0*c**3 + 0 + 3*c**2 - 1/10*c**5 - 1/120*c**6 - 1/4*c**4 + 0*c. Determine x(p).
5
Let v(y) = y**3 - 2*y**2 + 4*y - 2. Suppose 2*z - 10 = -3*z. Let n be 8/z + 12/12. Suppose -7*c + 4 = -n*c. Determine v(c).
6
Let t(d) = 276305 - 8*d - 276305. What is t(3)?
-24
Let d = 48 - 45. Let r(b) = -d*b + 2*b + 2 + 2 - 3. Let f = 10 + -6. Determine r(f).
-3
Let b be (16/12 - 2)*3. Let f(y) = 1 + 0 + 3*y + 1. What is f(b)?
-4
Let g(n) = n + 1. Suppose 6 = i + 3. Suppose 5*p + 6 = i*z + p, 0 = -4*z - 3*p - 17. Calculate g(z).
-1
Let n = -14 - -8. Suppose 4*x - 44 = -16. Let h(w) = -7*w - 3 - w**3 + 6 + 7 - 3 - x*w**2. What is h(n)?
13
Let o(i) be the first derivative of 3*i**2/2 - 14. Give o(4).
12
Let n be 4 + -9 + 28/4. Let r(v) = 27*v - 2. Determine r(n).
52
Let f(r) be the first derivative of -r**4/4 + 7*r**3/3 - 3*r**2/2 - 7*r - 1. Let b(a) = 2*a**2 - 37*a - 54. Let d be b(20). Determine f(d).
11
Let h(d) = d**3 + 4*d**2 - 4*d - 3. Suppose 0 = a + 3*s + 39, 2*a + 5*s = -81 + 5. Let q = a - -28. What is h(q)?
-8
Let z(w) = -w - 8. Let b be (14/(-21))/(3 - (-485)/(-165)). Determine z(b).
3
Suppose -4*t - 2*v + 24 = 0, t - v - 4*v - 17 = 0. Let g(j) = -j - 13. Let r(l) = -2*l - 27. Let w(s) = -13*g(s) + 6*r(s). Calculate w(t).
14
Suppose -3*c + 6 = 2*j, 8*c + 6 = 11*c + 3*j. Suppose 4 + 26 = -5*m + 5*x, m - c*x + 7 = 0. Let z(f) = f**2 + f - 6. Determine z(m).
14
Let d(m) = 3*m + 15. Let y be d(-11). Let k be (-33)/(-4)*(3 + 3/(-9)). Let b = y + k. Let x(v) = 2*v**2 - 5*v - 4. Determine x(b).
8
Let o(m) = -m**2 + 10*m - 11. Let v be (-64)/16 - (1 + -15). Let f = v - 2. What is o(f)?
5
Let z(r) = r**3 + 5. Let j(i) = -i**3 - 17*i**2 - 16*i. Let p be j(-16). What is z(p)?
5
Let f(x) = x + 1. Let g = 251 + -260. Give f(g).
-8
Suppose -7 = -d - u, 0 = -2*d + u + 3 - 1. Let p(w) = -w**2 - 4*w + 5. What is p(d)?
-16
Let m be 3*(0 + 2/3). Suppose -4 = 3*p - 3*j - 13, 2*p = -j + 3. Let l(c) = 11 - p + 2*c**2 - 2*c**3 - 7. Give l(m).
-6
Let o be (-9)/(12/4) + 3. Let h be o - (1 + -5) - -3. Let x(m) = m**3 - 6*m**2 - 9*m + 7. Give x(h).
-7
Let g be (15/(-9))/(2/6). Let r(y) = y + 7. Let z(j) = j - 1. Let s(q) = -r(q) - 2*z(q). Calculate s(g).
10
Let j(d) be the second derivative of -43*d**3/6 - 287*d. Determine j(1).
-43
Let x(p) = p**2 + 27*p + 89. Let n be x(-4). Let z(c) = 2*c - 5. Give z(n).
-11
Let d(x) be the third derivative of -x**4/8 + 5*x**3/6 - x**2. Let p be 28 + -24 + 0/(-2). Determine d(p).
-7
Let f(j) = j**2 + j. Let o(z) = 8*z**2 + 5*z + 1. Let h(d) = 5*f(d) - o(d). Suppose -7*u - 229 + 236 = 0. Calculate h(u).
-4
Suppose 7*i = 8*i - 3. Let x(v) = -2*v**3 + 0*v**i + 3*v**2 + v - v**3 + 2*v**3 + 1. Give x(3).
4
Let h(n) be the first derivative of -n**4/4 - 5*n**3/3 - n**2 + 163. Calculate h(-4).
-8
Let z = 228 + -237. Let i(g) = -2*g - 10. Determine i(z).
8
Let i(f) = -f**3 + f**2 - 2*f + 2. Let n(r) = 3*r + 47. Let m be n(-15). What is i(m)?
-6
Let g(f) = 5*f**2 + 9. Let n be g(-7). Suppose -15 = 257*x - n*x. Let i(b) = -b - 5. Give i(x).
0
Let y = 23 - 28. Let a(t) = 2*t**3 + 5*t**2 - 3*t + 18. Let z(f) = -f**3 - 2*f**2 + f - 9. Let b(c) = y*z(c) - 2*a(c). Give b(0).
9
Let u(k) be the third derivative of k**5/60 - 5*k**4/24 - k**3/6 + k**2. Let c be ((-102)/(-119))/(6/28). Calculate u(c).
-5
Let f(d) = -3*d**3 + 29*d**2 - 8*d - 15. Let j = 132 - 121. Let m(x) = -x**3 + 10*x**2 - 3*x - 5. Let i(y) = j*m(y) - 4*f(y). Calculate i(5).
-25
Let c(d) = 3*d - 18. Let s be c(6). Let r(f) = -2*f - 122 + 122 + s*f. Determine